, what is 1519 - 555b?
-4042
In base 8, what is -416725 - 375?
-417322
In base 11, what is 4993 + -321?
4672
In base 5, what is 10 + -132334103330?
-132334103320
In base 15, what is -753 - 673?
-dc6
In base 13, what is 2c4 + -919c?
-8ba8
In base 11, what is 41681 + -29?
41653
In base 8, what is -5 + 125050302?
125050275
In base 14, what is 1536 - d99?
57b
In base 4, what is -31 - -12003132?
12003101
In base 15, what is -b - d5213?
-d521e
In base 11, what is 2 - 11538174?
-11538172
In base 7, what is -56563236 - 131?
-56563400
In base 12, what is 756663 + 15?
756678
In base 13, what is 2766 + -80193?
-7a72a
In base 16, what is -1188ffd1 + -1?
-1188ffd2
In base 4, what is -12 + 121230300201?
121230300123
In base 4, what is 131032230322 - 11?
131032230311
In base 13, what is 1 + -5b53c65?
-5b53c64
In base 8, what is -406 - 113672?
-114300
In base 3, what is 10120122000211 + -2?
10120122000202
In base 4, what is -30003132102101 + -2?
-30003132102103
In base 3, what is 100011 - -21101202010?
21102002021
In base 13, what is -279351 - -649?
-278a05
In base 14, what is 4 - 18647a?
-186476
In base 5, what is -433103 + -302?
-433410
In base 15, what is -60c2 - 729?
-67eb
In base 6, what is -222423 - 305?
-223132
In base 4, what is -1031313 - 232200?
-1330113
In base 16, what is 956 - -2003c?
20992
In base 16, what is 592d + 3c?
5969
In base 5, what is 210124312 - 4423?
210114334
In base 7, what is 2601465 + 31?
2601526
In base 13, what is 3bb + 83a3a?
84128
In base 2, what is 110 - 11111111111010001001101?
-11111111111010001000111
In base 10, what is 4 - -4449782?
4449786
In base 15, what is 415001e + -2?
415001c
In base 3, what is -11121021221 + -112210?
-11121211201
In base 7, what is -3 - 1540252513?
-1540252516
In base 11, what is 2371 - -8325?
a696
In base 3, what is 101211111202011 - -112?
101211111202200
In base 7, what is 3431161 + 2?
3431163
In base 15, what is -a874d - -2a?
-a8723
In base 4, what is 1002232130121 - 0?
1002232130121
In base 6, what is 4030314 + -214?
4030100
In base 3, what is -2 + -1022100110222201?
-1022100110222210
In base 16, what is -6e0cf - ca?
-6e199
In base 8, what is 671 + -11741?
-11050
In base 6, what is 114330313 + 10?
114330323
In base 15, what is 1635e1c - 1?
1635e1b
In base 6, what is 40500152414 - -4?
40500152422
In base 15, what is 22b - -ac5?
d01
In base 7, what is -33014323 - 113?
-33014436
In base 4, what is 10210020211002 + -23?
10210020210313
In base 11, what is 25540346 + 4?
2554034a
In base 7, what is -2300016124 - 11?
-2300016135
In base 15, what is -3163 + 1197?
-1ebb
In base 7, what is 212221 + 6003?
221224
In base 5, what is 113232 + -14134103?
-14020321
In base 13, what is -13b17892 + 0?
-13b17892
In base 9, what is 0 + 66810082?
66810082
In base 12, what is 3 + -28302a?
-283027
In base 3, what is 1012222002210110100 - -1?
1012222002210110101
In base 3, what is -101101102 + -212000201?
-1020102010
In base 9, what is 1852472183 - 5?
1852472177
In base 6, what is -23111553 + 114?
-23111435
In base 13, what is 2a20369 - -1?
2a2036a
In base 5, what is 24300 + -11040013?
-11010213
In base 10, what is -25968 + 21?
-25947
In base 4, what is -123030013133 + 1?
-123030013132
In base 3, what is 111220 - -1102000101210?
1102000220200
In base 9, what is -2004148 + -2?
-2004151
In base 11, what is -1a4a98354 - -4?
-1a4a98350
In base 12, what is -14655a - 15?
-146573
In base 8, what is -3 + -17555524?
-17555527
In base 4, what is -3 + -11130202210?
-11130202213
In base 9, what is -24 - -1737524?
1737500
In base 3, what is 110010 + 1212222200?
1220102210
In base 2, what is -11011001101 - -100101111?
-10110011110
In base 11, what is -75a08 - -284?
-75734
In base 7, what is -106302255 - 5?
-106302263
In base 10, what is -122879766 + -4?
-122879770
In base 7, what is -201 + 14106464?
14106263
In base 8, what is 203520524 - 5?
203520517
In base 15, what is -74 - -437109?
437085
In base 12, what is 41 + -b7b713?
-b7b692
In base 5, what is 12312001301202 + 1?
12312001301203
In base 7, what is 216 - -1331133?
1331352
In base 11, what is -588 + 1a06?
1429
In base 3, what is -1001021121222 - -2211200?
-1001011210022
In base 14, what is -16701 - 468?
-16b69
In base 6, what is 15242304443 + -2?
15242304441
In base 5, what is -12123131 + -341?
-12124022
In base 7, what is 2413411 - 31?
2413350
In base 11, what is 177262 + -11?
177251
In base 3, what is 1001121210001211 + 21?
1001121210002002
In base 8, what is -173 - 41043?
-41236
In base 7, what is 3 + -134154043?
-134154040
In base 6, what is 45 - 2000133?
-2000044
In base 15, what is 4 + 129a08?
129a0c
In base 8, what is -313 - 652327?
-652642
In base 13, what is ca00a - cb?
c9c0c
In base 15, what is -d6 + -d6d50?
-d6e36
In base 15, what is 5 - 10ab92?
-10ab8c
In base 16, what is -2a5 + -1b0c?
-1db1
In base 16, what is 1b + 356b05?
356b20
In base 7, what is 310255 - 21363?
255562
In base 2, what is 10 + -101101010010100011101?
-101101010010100011011
In base 4, what is 200303 - -1002030?
1202333
In base 8, what is 7553450 - -4?
7553454
In base 16, what is -555a304 - 5?
-555a309
In base 8, what is -225555 + -214?
-225771
In base 10, what is -202 + 31086?
30884
In base 15, what is 9093 - -49?
90dc
In base 11, what is 99 + -127322?
-127234
In base 15, what is 4b - 422692?
-422646
In base 11, what is -12071177 - 2?
-12071179
In base 8, what is 7167645 - 726?
7166717
In base 10, what is -734653033 - 5?
-734653038
In base 15, what is -1922b6 - 42?
-192308
In base 10, what is 70923969 - 0?
70923969
In base 16, what is -b17abab + 3?
-b17aba8
In base 8, what is -3133432 - 0?
-3133432
In base 8, what is -4314 - -10754?
4440
In base 4, what is -1012323113231 + 3?
-1012323113222
In base 16, what is -40b - -7ee?
3e3
In base 14, what is -a60a3b - 1a?
-a60a57
In base 9, what is 53554 - 11356?
42187
In base 12, what is -20 + -12308564?
-12308584
In base 13, what is 6496c5 + -1b?
6496a7
In base 15, what is 9 + -157ccc?
-157cc3
In base 4, what is 23211111220 - -10?
23211111230
In base 2, what is 100 - -10100111111000010100?
10100111111000011000
In base 14, what is 25b4725 + -1?
25b4724
In base 4, what is 2 + 101220311313113?
101220311313121
In base 6, what is 13344 - 105542?
-52154
In base 13, what is c465 - -695?
cb2a
In base 4, what is 200130100301 + -1132?
200130033103
In base 10, what is 67 + 3094844?
3094911
In base 8, what is -56 - 2456135?
-2456213
In base 15, what is d64bb - -d4?
d65a0
In base 9, what is 13451 + 21345?
34806
In base 5, what is 32 - -1101301400?
1101301432
In base 4, what is 2313212203 + 211?
2313213020
In base 9, what is 7021771 + 1?
7021772
In base 4, what is -23 - 223133201?
-223133230
In base 10, what is 2 - 11596425?
-11596423
In base 10, what is -276762 + -87?
-276849
In base 6, what is -22 - 131443041?
-131443103
In base 3, what is 111012011 - 12000000211?
-11111211200
In base 6, what is -1404504 - -33202?
-1331302
In base 10, what is -5 + -2034178?
-2034183
In base 11, what is -1096 + -366a20?
-368006
In base 5, what is 10 + 11310322312?
11310322322
In base 5, what is -21244120 + 321?
-21243244
In base 15, what is -101c89 - 10?
-101c99
In base 14, what is 12877 + 1970?
14407
In base 13, what is -31b6a4 + 59?
-31b648
In base 6, what is -13032102 + -4133?
-13040235
In base 5, what is 204000 + 12030121?
12234121
In base 13, what is -589c3393 - 6?
-589c3399
In base 6, what is 0 + -3055203355?
-3055203355
In base 6, what is -102421 + -15?
-102440
In base 8, what is 51123 + 37?
51162
In base 9, what is 2 + -1008458?
-1008456
In base 3, what is 111022 - -2102212001?
2110100100
In base 13, what is 0 + -1417c24?
-1417c24
In base 9, what is -523800031 + 0?
-523800031
In base 13, what is -b - 1339966?
-1339974
In base 5, what is 2 + -10031031044?
-10031031042
In base 12, what is 520 + 40b1?
4611
In base 4, what is -2130130011310 - -1?
-2130130011303
In base 3, what is 202120 + -11200021?
-10220201
In base 3, what is 12000021211202122 - 22?
12000021211202100
In base 7, what is -1 - -3134004?
3134003
In base 3, what is 1100 - -10000202122222?
10000202201022
In base 14, what is -119a + 9d6c?
8bb2
In base 13, what is 47c - 208?
274
In base 5, what is -2143144143 + 2?
-2143144141
In base 16, what is -20 + 45458?
45438
In base 5, what is -12412101043 + -14?
-12412101112
I